{"id":140,"date":"2019-06-28T09:50:06","date_gmt":"2019-06-28T09:50:06","guid":{"rendered":"https:\/\/www.it-central.ch\/?page_id=140"},"modified":"2019-09-17T07:24:45","modified_gmt":"2019-09-17T07:24:45","slug":"sicherheit","status":"publish","type":"page","link":"https:\/\/www.it-central.ch\/index.php\/sicherheit\/","title":{"rendered":"Sicherheit"},"content":{"rendered":"<section class=\"kc-elm kc-css-21417 kc_row\"><div class=\"kc-row-container  kc-container\"><div class=\"kc-wrap-columns\"><div class=\"kc-elm kc-css-53554 kc_col-sm-6 kc_column kc_col-sm-6\"><div class=\"kc-col-container\">\n<div class=\"kc-elm kc-css-937874 kc-title-wrap \">\n\n\t<h2 class=\"kc_title\">Sicherheit<\/h2>\n<\/div>\n<div class=\"kc-elm kc-css-289652 kc_text_block\"><\/p>\n<p><span style=\"font-size: 10pt;\">Das Thema Sicherheit ist in der Informatik zentral und vielseitig. Aufwand-\/Nutzen m\u00fcssen sorgf\u00e4ltig abgewogen werden. Die Teilbereiche erstrecken sich \u00fcber Zugriffsschutz f\u00fcr Unbefugte, bauliche L\u00f6sungen, erweiterter Zugriffsschutz zu sensiblen Daten, Eindringlinge in die IT-Umgebung (Netzwerk), Ausfallsicherheit, Backup &amp; Recovery, Aufbewahrung sowie Ueberwachung und Kontrolle der Wireless-Technologien. In spezialisierten Bereichen der IT-Sicherheit arbeiten wir mit daf\u00fcr besonders qualifizierten Partnern zusammen. <\/span><\/p>\n<p><span style=\"font-size: 10pt;\">Weiterf\u00fchrende Informationen finden sich auch hier beim <a href=\"https:\/\/www.bsi.bund.de\/DE\/Home\/home_node.html\">BSI<\/a> und <a href=\"https:\/\/www.bsi.bund.de\/DE\/Themen\/ZertifizierungundAnerkennung\/Managementsystemzertifizierung\/Zertifizierung27001\/GS_Zertifizierung_node.html\">ISO 27001<\/a>.<\/span><\/p>\n<p>\n<\/div><\/div><\/div><div class=\"kc-elm kc-css-548097 kc_col-sm-6 kc_column kc_col-sm-6\"><div class=\"kc-col-container\"><div class=\"kc-elm kc-css-409282 kc_shortcode kc_single_image\">\n\n        <img decoding=\"async\" src=\"https:\/\/www.it-central.ch\/wp-content\/uploads\/2019\/09\/06-Security-841x584-round2-841x584xc.png\" class=\"\" alt=\"\" \/>    <\/div>\n<div class=\"kc-elm kc-css-268124\" style=\"height: 10px; clear: both; width:100%;\"><\/div><div class=\"kc-elm kc-css-705789 kc_text_block\"><\/p>\n<p><span style=\"font-size: 10pt;\">Wie steht es um Ihre Sicherheit? <a href=\"https:\/\/www.it-central.ch\/index.php\/sicherheit-check\/\">Check<\/a><\/span><\/p>\n<p>\n<\/div><\/div><\/div><\/div><\/div><\/section>\n","protected":false},"excerpt":{"rendered":"","protected":false},"author":1,"featured_media":0,"parent":0,"menu_order":0,"comment_status":"closed","ping_status":"closed","template":"","meta":{"footnotes":""},"class_list":["post-140","page","type-page","status-publish"],"_links":{"self":[{"href":"https:\/\/www.it-central.ch\/index.php\/wp-json\/wp\/v2\/pages\/140","targetHints":{"allow":["GET"]}}],"collection":[{"href":"https:\/\/www.it-central.ch\/index.php\/wp-json\/wp\/v2\/pages"}],"about":[{"href":"https:\/\/www.it-central.ch\/index.php\/wp-json\/wp\/v2\/types\/page"}],"author":[{"embeddable":true,"href":"https:\/\/www.it-central.ch\/index.php\/wp-json\/wp\/v2\/users\/1"}],"replies":[{"embeddable":true,"href":"https:\/\/www.it-central.ch\/index.php\/wp-json\/wp\/v2\/comments?post=140"}],"version-history":[{"count":22,"href":"https:\/\/www.it-central.ch\/index.php\/wp-json\/wp\/v2\/pages\/140\/revisions"}],"predecessor-version":[{"id":450,"href":"https:\/\/www.it-central.ch\/index.php\/wp-json\/wp\/v2\/pages\/140\/revisions\/450"}],"wp:attachment":[{"href":"https:\/\/www.it-central.ch\/index.php\/wp-json\/wp\/v2\/media?parent=140"}],"curies":[{"name":"wp","href":"https:\/\/api.w.org\/{rel}","templated":true}]}}