{"id":13,"date":"2019-06-26T13:05:08","date_gmt":"2019-06-26T13:05:08","guid":{"rendered":"https:\/\/www.it-central.ch\/?page_id=13"},"modified":"2019-07-10T11:27:02","modified_gmt":"2019-07-10T11:27:02","slug":"backup-recovery","status":"publish","type":"page","link":"https:\/\/www.it-central.ch\/index.php\/backup-recovery\/","title":{"rendered":"Backup &#038; Recovery"},"content":{"rendered":"<section class=\"kc-elm kc-css-594297 kc_row\"><div class=\"kc-row-container  kc-container\"><div class=\"kc-wrap-columns\"><div class=\"kc-elm kc-css-875807 kc_col-sm-6 kc_column kc_col-sm-6\"><div class=\"kc-col-container\">\n<div class=\"kc-elm kc-css-581303 kc-title-wrap \">\n\n\t<h3 class=\"kc_title\">Backup & Recovery<\/h3>\n<\/div>\n<div class=\"kc-elm kc-css-566420 kc_text_block\"><\/p>\n<p><span style=\"font-size: 10pt;\">Das Wort Datensicherung (Backup) ist bei Kunden und manchmal auch bei IT-Administratoren nicht beliebt. Es ist jedoch klar, dass auf solche Funktionen und Systeme nicht verzichtet werden kann. Eine Ueberlegung \u201cwie lange kann der Betrieb bei einem Ausfall auf die IT verzichten?\u201d l\u00e4sst erahnen, welche Tragweite Entscheidungen und Konzepte in diesem Zusammenhang haben.<\/span><\/p>\n<p>\n<\/div><div class=\"kc-elm kc-css-14526 kc_text_block\"><\/p>\n<p><span style=\"font-size: 10pt;\">Anwendungsdaten, Betriebsysteme von Servern und Netzwerkomponenten, alles muss einbezogen werden. Wichtig sind auch geeignete Kontrollmechanismen der Prozeduren.<br \/>Gesicherte Daten k\u00f6nnen am Ort des Unternehmens oder an ausw\u00e4rtigen Standorten liegen. Ob redundante Systeme zum Einsatz kommen, ist eine Ermessensfrage.<br \/>Ein Backup muss Kopien aller aktuellen Daten beinhalten. Dieses Datenset muss regelm\u00e4ssig auf den aktuellen Stand gebracht werden. Es ist dabei zu entscheiden, welche Intervalle und Generationen zum Zuge kommen.<br \/>Gesetzliche Bestimmungen (beispielsweise Aufbewahrungsfristen) sind zu beachten und einzuhalten.<\/span><\/p>\n<p>\n<\/div><\/div><\/div><div class=\"kc-elm kc-css-71406 kc_col-sm-6 kc_column kc_col-sm-6\"><div class=\"kc-col-container\"><div class=\"kc-elm kc-css-761548 kc_shortcode kc_single_image\">\n\n        <img decoding=\"async\" src=\"https:\/\/www.it-central.ch\/wp-content\/uploads\/2019\/07\/08-BackupRecovery-841x584-round-841x584xc.png\" class=\"\" alt=\"\" \/>    <\/div>\n<div class=\"kc-elm kc-css-543948\" style=\"height: 10px; clear: both; width:100%;\"><\/div><div class=\"kc-elm kc-css-101670 kc_text_block\"><\/p>\n<p><span style=\"font-size: 10pt;\">Inwiefern gesicherte Daten dem Anwender frei zum Wiederherstellen zug\u00e4nglich sind, oder ob nur die systemverantwortlichen Personen Daten zur\u00fcck laden k\u00f6nnen, liegt im Ermessen der Gesch\u00e4ftsleitung.<br \/><\/span><strong><span style=\"font-size: 10pt;\">Gerne \u00fcberpr\u00fcfen wir Ihr Datensicherungskonzept, zeigen m\u00f6gliche Schwachstellen auf, und\/oder organisieren es auf Ihre Bed\u00fcrfnisse neu.<\/span><\/strong><\/p>\n<p>\n<\/div><\/div><\/div><\/div><\/div><\/section>\n","protected":false},"excerpt":{"rendered":"","protected":false},"author":1,"featured_media":0,"parent":0,"menu_order":0,"comment_status":"closed","ping_status":"closed","template":"","meta":{"footnotes":""},"class_list":["post-13","page","type-page","status-publish"],"_links":{"self":[{"href":"https:\/\/www.it-central.ch\/index.php\/wp-json\/wp\/v2\/pages\/13","targetHints":{"allow":["GET"]}}],"collection":[{"href":"https:\/\/www.it-central.ch\/index.php\/wp-json\/wp\/v2\/pages"}],"about":[{"href":"https:\/\/www.it-central.ch\/index.php\/wp-json\/wp\/v2\/types\/page"}],"author":[{"embeddable":true,"href":"https:\/\/www.it-central.ch\/index.php\/wp-json\/wp\/v2\/users\/1"}],"replies":[{"embeddable":true,"href":"https:\/\/www.it-central.ch\/index.php\/wp-json\/wp\/v2\/comments?post=13"}],"version-history":[{"count":52,"href":"https:\/\/www.it-central.ch\/index.php\/wp-json\/wp\/v2\/pages\/13\/revisions"}],"predecessor-version":[{"id":371,"href":"https:\/\/www.it-central.ch\/index.php\/wp-json\/wp\/v2\/pages\/13\/revisions\/371"}],"wp:attachment":[{"href":"https:\/\/www.it-central.ch\/index.php\/wp-json\/wp\/v2\/media?parent=13"}],"curies":[{"name":"wp","href":"https:\/\/api.w.org\/{rel}","templated":true}]}}

<section class="kc-elm kc-css-594297 kc_row"><div class="kc-row-container  kc-container"><div class="kc-wrap-columns"><div class="kc-elm kc-css-875807 kc_col-sm-6 kc_column kc_col-sm-6"><div class="kc-col-container">
<div class="kc-elm kc-css-581303 kc-title-wrap ">

	<h3 class="kc_title">Backup & Recovery</h3>
</div>
<div class="kc-elm kc-css-566420 kc_text_block"></p>
<p><span style="font-size: 10pt;">Das Wort Datensicherung (Backup) ist bei Kunden und manchmal auch bei IT-Administratoren nicht beliebt. Es ist jedoch klar, dass auf solche Funktionen und Systeme nicht verzichtet werden kann. Eine Ueberlegung “wie lange kann der Betrieb bei einem Ausfall auf die IT verzichten?” lässt erahnen, welche Tragweite Entscheidungen und Konzepte in diesem Zusammenhang haben.</span></p>
<p>
</div><div class="kc-elm kc-css-14526 kc_text_block"></p>
<p><span style="font-size: 10pt;">Anwendungsdaten, Betriebsysteme von Servern und Netzwerkomponenten, alles muss einbezogen werden. Wichtig sind auch geeignete Kontrollmechanismen der Prozeduren.<br />Gesicherte Daten können am Ort des Unternehmens oder an auswärtigen Standorten liegen. Ob redundante Systeme zum Einsatz kommen, ist eine Ermessensfrage.<br />Ein Backup muss Kopien aller aktuellen Daten beinhalten. Dieses Datenset muss regelmässig auf den aktuellen Stand gebracht werden. Es ist dabei zu entscheiden, welche Intervalle und Generationen zum Zuge kommen.<br />Gesetzliche Bestimmungen (beispielsweise Aufbewahrungsfristen) sind zu beachten und einzuhalten.</span></p>
<p>
</div></div></div><div class="kc-elm kc-css-71406 kc_col-sm-6 kc_column kc_col-sm-6"><div class="kc-col-container"><div class="kc-elm kc-css-761548 kc_shortcode kc_single_image">

        <img decoding="async" src="https://www.it-central.ch/wp-content/uploads/2019/07/08-BackupRecovery-841x584-round-841x584xc.png" class="" alt="" />    </div>
<div class="kc-elm kc-css-543948" style="height: 10px; clear: both; width:100%;"></div><div class="kc-elm kc-css-101670 kc_text_block"></p>
<p><span style="font-size: 10pt;">Inwiefern gesicherte Daten dem Anwender frei zum Wiederherstellen zugänglich sind, oder ob nur die systemverantwortlichen Personen Daten zurück laden können, liegt im Ermessen der Geschäftsleitung.<br /></span><strong><span style="font-size: 10pt;">Gerne überprüfen wir Ihr Datensicherungskonzept, zeigen mögliche Schwachstellen auf, und/oder organisieren es auf Ihre Bedürfnisse neu.</span></strong></p>
<p>
</div></div></div></div></div></section>
